 - 2*u - 3. Let h be z(9). What is the greatest common factor of h and w?
12
Suppose -28*v + 28880 = 48*v. What is the highest common divisor of v and 20?
20
Suppose -2*x = 5*s - 127, 3 = -3*x + 6. Calculate the highest common divisor of 85 and s.
5
Let z = 81 + 29. Let q(m) = -m**2 + 6*m - 4. Let c be q(6). Let g be (33/(-6))/(2/c). What is the highest common divisor of g and z?
11
Let h(c) be the second derivative of -2*c**3/3 + 24*c**2 - 19*c. Let n be h(0). Calculate the highest common factor of n and 528.
48
Suppose -2*n - 4 = -4*g, 15 = 3*n - 4*g + 13. Calculate the greatest common divisor of 46 and n.
2
Let u(s) = 7*s. Let c(b) = 7*b + 2. Let n(y) = 4*c(y) - 5*u(y). Let z be n(-5). What is the greatest common factor of 86 and z?
43
Let b(w) = 15*w + 7. Let a be b(7). Suppose 2*q = 5*c + 53, 4*c + 4 = -2*q + 12. What is the highest common factor of a and q?
14
Let q = -152 + 232. Calculate the highest common factor of 5 and q.
5
Let c(t) = 7*t**2 - t + 134. Let w be c(20). What is the highest common factor of w and 62?
62
Suppose -46*f + 42*f + t + 2272 = 0, 0 = 2*f - 4*t - 1150. Calculate the highest common divisor of 405 and f.
81
Suppose 0*z = 2*t + 3*z + 5, 5*z = 5*t + 50. Let x = t + 13. Let p(c) = -c**2 + 6*c + 8. Let f be p(x). Calculate the highest common divisor of 1 and f.
1
Let o be 5 - (1 - (1 + 1)). Suppose -k - 3 = -2*q, -8 = q - o*q + 3*k. Let r be ((-28)/6)/(144/27 + -6). Calculate the highest common factor of r and q.
1
Suppose 5*k - 2*k = 9. Suppose 408 = 71*o - 54*o. Calculate the greatest common factor of k and o.
3
Suppose -d - 56 = -5*r - 0*r, -4*r = -4*d - 32. What is the highest common divisor of r and 8?
4
Let h be 4/18 + 18/(-81) + 44. What is the greatest common factor of 11 and h?
11
Suppose 0 = 20*n + 204 - 1604. What is the greatest common divisor of n and 560?
70
Suppose 0 = -0*w + 5*w - 70. Suppose -7 = v + 4*g, 1 = -3*v + 5*g + w. What is the greatest common divisor of v and 2?
1
Suppose y + 3*g = 34, -2*g - 125 = -4*y + 81. Calculate the greatest common divisor of y and 343.
49
Suppose 16*g + 9 = 17*g. What is the highest common divisor of 36 and g?
9
Let z be ((1 - 7) + 76)*(1 - -1). What is the greatest common divisor of 350 and z?
70
Let f be 140/455*(-182)/(-4). Suppose 5*b - 13 = 57. Calculate the greatest common divisor of f and b.
14
Suppose -2*h = -4*s - 230, -6*s = 4*h - 9*s - 435. What is the greatest common factor of 135 and h?
15
Suppose 2*z - 184 + 46 = -s, 0 = -5*z - 5*s + 340. Calculate the highest common divisor of 35 and z.
35
Let j be 22/(-55) - 72/(-5). Suppose 0 = -2*h - 0 - 12. Let c be (-255)/(-9) - (-2)/h. Calculate the greatest common factor of j and c.
14
Let c = 415 - 197. Suppose 29 = -f + c. What is the highest common divisor of f and 27?
27
Suppose -42*y = -30*y - 1224. Calculate the highest common divisor of y and 6.
6
Let k(p) = 13*p - 1. Let l be k(1). Let q = -5 + l. Suppose -2*d + q = -d. What is the greatest common divisor of 35 and d?
7
Let o = 21 + -2. Let m be 3 - (-1 + (2 - o)). Suppose 5*h = -5*a + 935, 2*h - 4*a = 208 + 178. Calculate the greatest common factor of m and h.
21
Let l be (40/8 + 10)*1*21. Calculate the highest common divisor of l and 18.
9
Suppose 5*m = 4*g - 3*g + 418, 5*m - 422 = -g. Calculate the greatest common factor of 36 and m.
12
Let c = 343 - -63. What is the greatest common factor of c and 14?
14
Suppose -4*p - 2*p + 36 = 0. Let k be 72/30*40/p. What is the highest common divisor of k and 4?
4
Let g be 77/21 - (-4)/3. Let f(q) = -q**3 - 8 + 2*q**3 + g*q - 5*q**2 - 4*q**2 + 2*q**2. Let o be f(7). Calculate the highest common factor of o and 18.
9
Let k be 3 + (-51)/9 + 2/3. Let b be k/(-11) - 19279/(-143). What is the highest common divisor of 15 and b?
15
Let t(i) = 1 + 1 + 17*i**2 - i - 1. Let r(u) = -2*u + 9. Let o be r(4). Let z be t(o). What is the greatest common factor of 85 and z?
17
Let q be (-36)/84 + ((-234)/(-7))/1. Suppose -40 = q*m - 35*m. Calculate the greatest common factor of 4 and m.
4
Suppose -4*f - 3*s + 24 = 0, f + 5*s - 22 = 1. Suppose -2*q + 0*q + 5*b - 4 = 0, f*b = -3*q + 36. Calculate the highest common divisor of 8 and q.
8
Suppose 2*s + 4*o = 72, 4*o - 18 = -2. Suppose -19*b = -111 + 83 - 238. Calculate the highest common factor of b and s.
14
Let t = -16 - -832. Calculate the highest common factor of 68 and t.
68
Let z be (-15)/(-5) + -14 + -3. Let b be (-8)/z*(-42)/(-4). Suppose 0*h + h = 66. Calculate the greatest common divisor of h and b.
6
Suppose -3*u = -h + 2*u + 1, 5*h = 5*u + 25. Suppose 0 = -5*r + x + 95 + 67, 2*x - h = 0. What is the highest common factor of r and 3?
3
Suppose -a - b + 33 = 0, 2*a + 3*b = 23 + 40. What is the highest common divisor of 234 and a?
18
Suppose -2*t = 5*d - 2, 5*d + t = 3*t + 18. Calculate the greatest common factor of 64 and d.
2
Suppose f + 4*f = 110. Let z be (1*2)/(2/4). Suppose -2*j = -3*n + 97, 0 = 2*n - z*j - 0*j - 62. What is the greatest common factor of f and n?
11
Let b be 0/(5 + 9/(-3)). Suppose 3*f = 4*t + 12, -f + 4 = 2*t - b*t. Suppose g - 7*g + 54 = t. What is the highest common divisor of 9 and g?
9
Let t = -5 + 18. Suppose 0*l + t = 4*o + l, 3*o = -5*l - 3. What is the highest common divisor of o and 4?
4
Suppose -50 = -2*a + 2*i, -a + 5*i = 6*i - 25. Calculate the highest common divisor of a and 850.
25
Let j = -27 + 31. Suppose 2*i + j = 58. What is the greatest common divisor of 3 and i?
3
Suppose 2449 = 3*g - 5*q - 6418, -3*g + q + 8887 = 0. Let p be 8/44 + g/33. What is the highest common divisor of 10 and p?
10
Let p be (1*524 - 0) + -1 + 1. Suppose -4*u + 5*i + p = 0, -4*i = -4*u - u + 664. What is the greatest common divisor of u and 34?
34
Let l(f) = -67*f - 13. Let i be l(-2). What is the greatest common divisor of i and 22?
11
Suppose 3*c - 28 = -3*o + 5*o, o - 6 = -c. Calculate the greatest common factor of c and 52.
4
Suppose 0 = -6*n + 3*n + 108. Suppose k = 5*f - f + 48, -138 = -2*k + f. What is the greatest common divisor of k and n?
36
Let z = 298 - 294. Calculate the highest common factor of z and 50.
2
Let c(s) be the third derivative of -1/6*s**4 + 2*s**2 + 0 + 7/3*s**3 + 0*s. Let g be c(-10). What is the highest common factor of g and 36?
18
Let f be 0 + (-1)/(-3) - 147/63. Let o be -4 - 2/((-2)/(-62)*f). Calculate the greatest common divisor of 135 and o.
27
Let y(w) = w**3 - 6*w**2 + 3. Let u be y(4). Let m = 11 - u. What is the highest common divisor of m and 20?
20
Let s = 72 + -58. Let k = s - -22. Calculate the highest common factor of 48 and k.
12
Let x(j) = -j**2 + 8*j - 7. Let p be x(7). Suppose -t + 18 + 12 = p. Let c = -7 + t. Calculate the highest common factor of 23 and c.
23
Let d be (2 - -13)*(-390)/(-225). What is the greatest common factor of 20 and d?
2
Let r be -1*(-1)/(-2)*-22. Suppose 6*q + 5*h = 7*q - 7, -3*h - 13 = -q. Calculate the greatest common factor of q and r.
11
Let a be (-108)/3*(-28)/12. Let z = -154 - -210. What is the greatest common divisor of z and a?
28
Let g = -202 + 411. What is the highest common factor of 22 and g?
11
Let f(g) = 2*g**2 + 15*g + 15. Let y be f(0). Calculate the greatest common factor of 1335 and y.
15
Let g be (-8)/(-28) - (-374)/14. Let t = 112 - g. Let i = 29 + -12. Calculate the highest common divisor of i and t.
17
Let o be (72/16)/3*(-152)/(-6). Suppose -100 = -4*s - 16. Let k = o - s. Calculate the highest common divisor of k and 17.
17
Suppose 5*a - 10 = -30, -260 = -3*r + 5*a. Suppose 16 = -4*c, 4*x - c - 4*c = r. Let p be -1*8/(24/(-495)). Calculate the greatest common factor of x and p.
15
Let k(b) = 7*b**2 - 8*b**2 + 281 - 2*b + 82 + 0*b. Let z be k(0). What is the greatest common divisor of z and 33?
33
Let a(g) = 14 + 4*g + 0 + 4*g. Suppose -3*u + 6 = -30. Let o be a(u). Calculate the highest common divisor of 10 and o.
10
Let j(u) = 7*u**2 - 4*u - 23. Let k be j(-4). What is the greatest common factor of 231 and k?
21
Suppose -2*x + 2 + 8 = 0. Let f = 309 + -150. Suppose -x*g = -4*n + 105, 5*n + 6*g - f = 3*g. What is the greatest common divisor of n and 15?
15
Let z be (2 - 3)/(5/(-15)). Let v(w) = -3 - 5*w + w**z - 4 - 9*w**2 + 6*w**2. Let s be v(5). Calculate the greatest common divisor of 90 and s.
18
Let h(i) = i**3 + 19*i**2 + 4. Let t be h(-19). Suppose 